{"id":271,"date":"2023-09-26T14:28:25","date_gmt":"2023-09-26T12:28:25","guid":{"rendered":"http:\/\/protosphere.fr\/?page_id=271"},"modified":"2023-11-23T14:36:18","modified_gmt":"2023-11-23T13:36:18","slug":"271-2","status":"publish","type":"page","link":"https:\/\/protosphere.fr\/?page_id=271","title":{"rendered":"Qui sommes nous ?"},"content":{"rendered":"\n<p><strong>Thomas CABARET<\/strong> &#8211; Fondateur et Pr\u00e9sident de la soci\u00e9t\u00e9<\/p>\n\n\n\n<p class=\"has-text-align-center\"> Apr\u00e8s un Master en physique appliqu\u00e9e, j&#8217;ai r\u00e9alis\u00e9 un <strong>Doctorat et un Post-Doctorat<\/strong> \u00e0 l&#8217;Universit\u00e9 de Pau (Site de Mont-de-Marsan) dans le domaine des <strong>mat\u00e9riaux Bio-sourc\u00e9s<\/strong> en partenariat avec de <strong>diff\u00e9rents acteurs industriels<\/strong> pr\u00e9sents en Nouvelle-Aquitaine. En parall\u00e8le de cette exp\u00e9rience, j&#8217;ai d\u00e9velopp\u00e9 \u00e0 travers diff\u00e9rents projets des <strong>comp\u00e9tences pointues<\/strong> dans le domaine de la <strong>conception m\u00e9canique, de l&#8217;\u00e9lectronique et du prototypage<\/strong>.<\/p>\n\n\n\n<p class=\"has-text-align-center\">Protosphere associe ces comp\u00e9tences dans le domaine de la <strong>conception\/fabrication<\/strong> de machines sp\u00e9ciales et de la <strong>recherche scientifique<\/strong> sur les mat\u00e9riaux afin de <strong>valoriser au mieux et de fa\u00e7on durable<\/strong> les ressources pr\u00e9sentes dans notre r\u00e9gion.<\/p>\n","protected":false},"excerpt":{"rendered":"<p>Thomas CABARET &#8211; Fondateur et Pr\u00e9sident de la soci\u00e9t\u00e9 Apr\u00e8s un Master en physique appliqu\u00e9e, j&#8217;ai r\u00e9alis\u00e9 un Doctorat et un Post-Doctorat \u00e0 l&#8217;Universit\u00e9 de Pau (Site de Mont-de-Marsan) dans le domaine des mat\u00e9riaux Bio-sourc\u00e9s en partenariat avec de diff\u00e9rents acteurs industriels pr\u00e9sents en Nouvelle-Aquitaine. En parall\u00e8le de cette exp\u00e9rience, j&#8217;ai d\u00e9velopp\u00e9 \u00e0 travers diff\u00e9rents&#8230;<\/p>\n","protected":false},"author":1,"featured_media":0,"parent":0,"menu_order":2,"comment_status":"closed","ping_status":"closed","template":"","meta":{"ngg_post_thumbnail":0,"_kad_post_transparent":"","_kad_post_title":"","_kad_post_layout":"","_kad_post_sidebar_id":"","_kad_post_content_style":"","_kad_post_vertical_padding":"","_kad_post_feature":"","_kad_post_feature_position":"","_kad_post_header":false,"_kad_post_footer":false,"footnotes":""},"_links":{"self":[{"href":"https:\/\/protosphere.fr\/index.php?rest_route=\/wp\/v2\/pages\/271"}],"collection":[{"href":"https:\/\/protosphere.fr\/index.php?rest_route=\/wp\/v2\/pages"}],"about":[{"href":"https:\/\/protosphere.fr\/index.php?rest_route=\/wp\/v2\/types\/page"}],"author":[{"embeddable":true,"href":"https:\/\/protosphere.fr\/index.php?rest_route=\/wp\/v2\/users\/1"}],"replies":[{"embeddable":true,"href":"https:\/\/protosphere.fr\/index.php?rest_route=%2Fwp%2Fv2%2Fcomments&post=271"}],"version-history":[{"count":16,"href":"https:\/\/protosphere.fr\/index.php?rest_route=\/wp\/v2\/pages\/271\/revisions"}],"predecessor-version":[{"id":306,"href":"https:\/\/protosphere.fr\/index.php?rest_route=\/wp\/v2\/pages\/271\/revisions\/306"}],"wp:attachment":[{"href":"https:\/\/protosphere.fr\/index.php?rest_route=%2Fwp%2Fv2%2Fmedia&parent=271"}],"curies":[{"name":"wp","href":"https:\/\/api.w.org\/{rel}","templated":true}]}}